{"id":3588,"date":"2020-11-23T15:16:36","date_gmt":"2020-11-23T18:16:36","guid":{"rendered":"https:\/\/supriex.com.br\/loja\/?post_type=product&#038;p=3588"},"modified":"2025-10-08T21:16:10","modified_gmt":"2025-10-09T00:16:10","slug":"cobolt-com-entalhe-entre-a-laminas-knipex-7131200","status":"publish","type":"product","link":"https:\/\/supriex.com.br\/loja\/produto\/cobolt-com-entalhe-entre-a-laminas-knipex-7131200\/","title":{"rendered":"Cobolt com entalhe entre a laminas Knipex 7131200 &#8211; Corta arames compacto"},"content":{"rendered":"<ul>\n<li class=\"Beschreibung\">Gumes de precis\u00e3o para arame macio, duro e arame piano.<\/li>\n<li class=\"Beschreibung\">Corta componentes tais como cavilhas, pregos, rebites, etc. at\u00e9 \u00d8 5,2 mm.<\/li>\n<li class=\"Beschreibung\">Pot\u00eancia de corte extremamente elevada com menos for\u00e7a gra\u00e7as a uma constru\u00e7\u00e3o articulada altamente eficiente.<\/li>\n<li class=\"Beschreibung\">Gumes adicionalmente temperados indutivamente, dureza de afia\u00e7\u00f5es aprox. 64 HRC.<\/li>\n<li class=\"kpx_material\">A\u00e7o cromo-van\u00e1dio de elevado desempenho, forjado e temperado em \u00f3leo m\u00faltiplas vezes.<\/li>\n<\/ul>\n<p><span class=\"typnameArt\">Modelo:<\/span><\/p>\n<ul>\n<li class=\"Modell\">Com superf\u00edcie de agarrar abaixo da articula\u00e7\u00e3o para pegar e puxar arames a partir de \u00d8 1,0 mm<\/li>\n<\/ul>\n<p><strong><img loading=\"lazy\" decoding=\"async\" class=\"__mce_add_custom__\" title=\"caracteristicas.jpg\" src=\"http:\/\/supriex.com.br\/product_images\/uploaded_images\/caracteristicas.jpg\" alt=\"caracteristicas.jpg\" width=\"966\" height=\"36\" \/><\/strong><\/p>\n<table>\n<tbody>\n<tr>\n<th>No.<\/th>\n<td colspan=\"2\">71 31 200<\/td>\n<\/tr>\n<tr>\n<td><\/td>\n<th>EAN<\/th>\n<td style=\"text-align: center\" colspan=\"2\">4003773042327<\/td>\n<\/tr>\n<tr>\n<td align=\"center\"><\/td>\n<th>Alicate<\/th>\n<td style=\"text-align: center\">preto revestimento contra oxida\u00e7\u00e3o<\/td>\n<\/tr>\n<tr>\n<td align=\"center\"><\/td>\n<th>Cabos<\/th>\n<td style=\"text-align: center\">com revestimento de pl\u00e1stico<\/td>\n<\/tr>\n<tr>\n<td align=\"center\"><\/td>\n<th>Forma<\/th>\n<td style=\"text-align: center\">3<\/td>\n<\/tr>\n<tr>\n<td align=\"center\"><img decoding=\"async\" src=\"https:\/\/www.knipex.com\/fileadmin\/site\/knipex\/scripts\/mediando\/images\/KNIPEX\/Symbole\/web\/normal\/Draht-weich_s.gif\" alt=\"Valores de corte de arame macio (di\u00e2metro)\" \/><\/td>\n<th>Valores de corte de arame macio (di\u00e2metro)<\/th>\n<td style=\"text-align: center\">6,0 \u00d8 mm<\/td>\n<\/tr>\n<tr>\n<td align=\"center\"><img decoding=\"async\" src=\"https:\/\/www.knipex.com\/fileadmin\/site\/knipex\/scripts\/mediando\/images\/KNIPEX\/Symbole\/web\/normal\/Draht-mittel_s.gif\" alt=\"Valores de corte de arame semiduro (di\u00e2metro)\" \/><\/td>\n<th>Valores de corte de arame semiduro (di\u00e2metro)<\/th>\n<td style=\"text-align: center\">5,2 \u00d8 mm<\/td>\n<\/tr>\n<tr>\n<td align=\"center\"><img decoding=\"async\" src=\"https:\/\/www.knipex.com\/fileadmin\/site\/knipex\/scripts\/mediando\/images\/KNIPEX\/Symbole\/web\/normal\/Draht-hart_s.gif\" alt=\"Valores de corte de arame duro (di\u00e2metro)\" \/><\/td>\n<th>Valores de corte de arame duro (di\u00e2metro)<\/th>\n<td style=\"text-align: center\">4,0 \u00d8 mm<\/td>\n<\/tr>\n<tr>\n<td align=\"center\"><img decoding=\"async\" src=\"https:\/\/www.knipex.com\/fileadmin\/site\/knipex\/scripts\/mediando\/images\/KNIPEX\/Symbole\/web\/normal\/Draht-piano_s.gif\" alt=\"Valores de corte de corda de piano (di\u00e2metro)\" \/><\/td>\n<th>Valores de corte de corda de piano (di\u00e2metro)<\/th>\n<td style=\"text-align: center\">3,6 \u00d8 mm<\/td>\n<\/tr>\n<tr>\n<td align=\"center\"><img decoding=\"async\" src=\"https:\/\/www.knipex.com\/fileadmin\/site\/knipex\/scripts\/mediando\/images\/KNIPEX\/Symbole\/web\/normal\/KNPK_Laenge_s.gif\" alt=\"Comprimento\" \/><\/td>\n<th>Comprimento<\/th>\n<td style=\"text-align: center\">200 mm<\/td>\n<\/tr>\n<tr>\n<td align=\"center\"><img decoding=\"async\" src=\"https:\/\/www.knipex.com\/fileadmin\/site\/knipex\/scripts\/mediando\/images\/KNIPEX\/Symbole\/web\/normal\/Waage_s.gif\" alt=\"Peso l\u00edquido\" \/><\/td>\n<th>Peso l\u00edquido<\/th>\n<td style=\"text-align: center\">330 g<\/td>\n<\/tr>\n<\/tbody>\n<\/table>\n<p><strong>60% de economia de for\u00e7a em compara\u00e7\u00e3o com alicates de corte lateral extra fortes.<\/strong><\/p>\n<p>O mecanismo de multiplica\u00e7\u00e3o genial garante condi\u00e7\u00f5es de alavanca extremamente vantajosas com um atrito reduzido. As for\u00e7as de corte s\u00e3o 30 vezes superiores \u00e0 for\u00e7a manual aplicada.<\/p>\n","protected":false},"excerpt":{"rendered":"<p>Os mordentes lisos agarram, quando necess\u00e1rio, com elevada for\u00e7a de press\u00e3o todas as \u00e1reas paralelas na \u00e1rea de capacidade e permitem \u00e0s chaves de alicate explorar op\u00e7\u00f5es de aplica\u00e7\u00e3o quase ilimitadas: por ex. para uni\u00f5es roscadas de frenagem, prensagem para a ativa\u00e7\u00e3o da for\u00e7a adesiva em colas de contato, quebra de bordos em trabalho de ladrilhagem, abertura de conectores de cabo, utiliza\u00e7\u00e3o como pequeno torno.<\/p>\n","protected":false},"featured_media":3761,"template":"","meta":[],"product_brand":[],"product_cat":[44,103],"product_tag":[131,132,60,133,135,134,56,46],"class_list":{"0":"post-3588","1":"product","2":"type-product","3":"status-publish","4":"has-post-thumbnail","6":"product_cat-alicates","7":"product_cat-construcaocivil","8":"product_tag-131","9":"product_tag-abertura-entre-as-laminas","10":"product_tag-alicate","11":"product_tag-cobolt","12":"product_tag-compactados","13":"product_tag-corta-arames","14":"product_tag-knipex","15":"product_tag-supriex","17":"first","18":"instock","19":"shipping-taxable","20":"purchasable","21":"product-type-simple"},"_links":{"self":[{"href":"https:\/\/supriex.com.br\/loja\/wp-json\/wp\/v2\/product\/3588","targetHints":{"allow":["GET"]}}],"collection":[{"href":"https:\/\/supriex.com.br\/loja\/wp-json\/wp\/v2\/product"}],"about":[{"href":"https:\/\/supriex.com.br\/loja\/wp-json\/wp\/v2\/types\/product"}],"wp:featuredmedia":[{"embeddable":true,"href":"https:\/\/supriex.com.br\/loja\/wp-json\/wp\/v2\/media\/3761"}],"wp:attachment":[{"href":"https:\/\/supriex.com.br\/loja\/wp-json\/wp\/v2\/media?parent=3588"}],"wp:term":[{"taxonomy":"product_brand","embeddable":true,"href":"https:\/\/supriex.com.br\/loja\/wp-json\/wp\/v2\/product_brand?post=3588"},{"taxonomy":"product_cat","embeddable":true,"href":"https:\/\/supriex.com.br\/loja\/wp-json\/wp\/v2\/product_cat?post=3588"},{"taxonomy":"product_tag","embeddable":true,"href":"https:\/\/supriex.com.br\/loja\/wp-json\/wp\/v2\/product_tag?post=3588"}],"curies":[{"name":"wp","href":"https:\/\/api.w.org\/{rel}","templated":true}]}}