{"id":2725,"date":"2018-08-21T17:43:17","date_gmt":"2018-08-21T20:43:17","guid":{"rendered":"https:\/\/supriex.com.br\/loja\/?post_type=product&#038;p=2725"},"modified":"2021-05-18T13:55:30","modified_gmt":"2021-05-18T16:55:30","slug":"cabeca-de-corte-p-cordoalha-tw19","status":"publish","type":"product","link":"https:\/\/supriex.com.br\/loja\/produto\/cabeca-de-corte-p-cordoalha-tw19\/","title":{"rendered":"Cabe\u00e7a de Corte  p\/ cordoalha TW19"},"content":{"rendered":"<p>&nbsp;<\/p>\n<div id=\"_mcePaste\" style=\"width: 1px;height: 1px;overflow: hidden\">Para cabos de a\u00e7o e ferros redondos, cabos Cu (cobre) e Al (alum\u00ednio).<\/div>\n<div id=\"_mcePaste\" style=\"width: 1px;height: 1px;overflow: hidden\">Adequado para a separa\u00e7\u00e3o de cabos nos mastros de ar livre com arame de reten\u00e7\u00e3o de tra\u00e7\u00e3o.<\/div>\n<div id=\"_mcePaste\" style=\"width: 1px;height: 1px;overflow: hidden\">Pontas de corte em \u00e2ngulo possibilitam o corte de fios de cabos individuais.<\/div>\n<div id=\"_mcePaste\" style=\"width: 1px;height: 1px;overflow: hidden\">Multiplica\u00e7\u00e3o \u00f3tima para alta capacidade de corte.<\/div>\n<div id=\"_mcePaste\" style=\"width: 1px;height: 1px;overflow: hidden\">Cabe\u00e7a da l\u00e2mina aparafusada, intercambi\u00e1vel.<\/div>\n<div id=\"_mcePaste\" style=\"width: 1px;height: 1px;overflow: hidden\">Baixo peso.<\/div>\n<div id=\"_mcePaste\" style=\"width: 1px;height: 1px;overflow: hidden\">Cabe\u00e7a da l\u00e2mina: A\u00e7o especial para ferramentas, de qualidade especial, temperado em \u00f3leo.<\/div>\n<p><span style=\"font-weight: bold\">Acompanha uma faca.<\/span><\/p>\n<table border=\"0\" cellspacing=\"4\" cellpadding=\"4\">\n<tbody>\n<tr>\n<td>Corte:<\/td>\n<td><strong>Max 16 mil\u00edmetros<\/strong><\/td>\n<\/tr>\n<tr>\n<td>Peso:<\/td>\n<td><strong>3,6 Kg<\/strong><\/td>\n<\/tr>\n<tr>\n<td>Dimens\u00f5es mm:<\/td>\n<td><strong>140x110x120<\/strong><\/td>\n<\/tr>\n<\/tbody>\n<\/table>\n<p><img loading=\"lazy\" decoding=\"async\" class=\"__mce_add_custom__\" title=\"150118_testa_taglio_trefolo.png\" src=\"http:\/\/supriex.com.br\/product_images\/uploaded_images\/150118_testa_taglio_trefolo.png\" alt=\"150118_testa_taglio_trefolo.png\" width=\"340\" height=\"255\" \/><\/p>\n","protected":false},"excerpt":{"rendered":"<p>&nbsp; Para cabos de a\u00e7o e ferros redondos, cabos Cu (cobre) e Al (alum\u00ednio). Adequado para a separa\u00e7\u00e3o de cabos nos mastros de ar livre com<span class=\"excerpt-hellip\"> [\u2026]<\/span><\/p>\n","protected":false},"featured_media":2726,"template":"","meta":[],"product_brand":[],"product_cat":[32,105],"product_tag":[67,62,46],"class_list":{"0":"post-2725","1":"product","2":"type-product","3":"status-publish","4":"has-post-thumbnail","6":"product_cat-cabecadecorte","7":"product_cat-cortedobraendireitadeira","8":"product_tag-cabeca-de-corte-p-cordoalha-tw19","9":"product_tag-edilgrappa","10":"product_tag-supriex","12":"first","13":"instock","14":"shipping-taxable","15":"purchasable","16":"product-type-simple"},"_links":{"self":[{"href":"https:\/\/supriex.com.br\/loja\/wp-json\/wp\/v2\/product\/2725","targetHints":{"allow":["GET"]}}],"collection":[{"href":"https:\/\/supriex.com.br\/loja\/wp-json\/wp\/v2\/product"}],"about":[{"href":"https:\/\/supriex.com.br\/loja\/wp-json\/wp\/v2\/types\/product"}],"wp:featuredmedia":[{"embeddable":true,"href":"https:\/\/supriex.com.br\/loja\/wp-json\/wp\/v2\/media\/2726"}],"wp:attachment":[{"href":"https:\/\/supriex.com.br\/loja\/wp-json\/wp\/v2\/media?parent=2725"}],"wp:term":[{"taxonomy":"product_brand","embeddable":true,"href":"https:\/\/supriex.com.br\/loja\/wp-json\/wp\/v2\/product_brand?post=2725"},{"taxonomy":"product_cat","embeddable":true,"href":"https:\/\/supriex.com.br\/loja\/wp-json\/wp\/v2\/product_cat?post=2725"},{"taxonomy":"product_tag","embeddable":true,"href":"https:\/\/supriex.com.br\/loja\/wp-json\/wp\/v2\/product_tag?post=2725"}],"curies":[{"name":"wp","href":"https:\/\/api.w.org\/{rel}","templated":true}]}}